f w and b?
12
Let j = -159 + 160. What is the greatest common factor of 64 and j?
1
Let o(l) = 62*l. Let p be o(-1). Let f be p/(-12) + 24/(-144). What is the highest common factor of 40 and f?
5
Let w be (-24)/(-6)*4/(12/231). What is the greatest common factor of w and 176?
44
Let j be (2 + 20/(-8))*-2. Let y be 117/(-18) - j/2. Let h = y + 17. Calculate the highest common factor of h and 50.
10
Let s = 4 + -4. Let a(y) = -225 + 205 + s*y + y - 5*y. Let c be a(-11). Calculate the greatest common divisor of 36 and c.
12
Let j be 312/(-32)*(-8)/(-3). Let h = 90 + j. What is the greatest common divisor of 8 and h?
8
Suppose 8*s - 16 - 8 = 0. Suppose 0*j + 290 = 2*d - j, -d = -s*j - 150. Calculate the greatest common factor of 96 and d.
48
Let d(h) = -106*h - 9. Let n be d(-4). Suppose -n = -8*c + 3*c. Let v = c - 23. Calculate the highest common divisor of 40 and v.
20
Let l(h) = -43*h - 2. Let s be l(-2). Suppose 5*z = 4*z - 8. Let w be (-2)/z - (-282)/24. What is the highest common factor of w and s?
12
Suppose 80 = 2*v - 0*v. Let w be (-9)/(36/16)*-2. What is the highest common divisor of v and w?
8
Let f = 99 - 96. What is the greatest common factor of f and 11?
1
Let n = -111 - -128. Suppose 0 = x + 1, 19*x - n*x + 10 = b. Calculate the greatest common factor of b and 24.
8
Let z be (-49)/(((-114)/36)/19). Calculate the greatest common divisor of z and 6.
6
Let q be ((-28)/20)/(5/(-25)). Suppose -2*x = -10, q*k - 3*k = 4*x. What is the highest common factor of 10 and k?
5
Let k be 56 + (-1)/4*0. Suppose 5*m = 7*m - k. Suppose 2 + 142 = 2*d - 2*o, 4*d = o + 282. Calculate the greatest common divisor of m and d.
14
Suppose 3910*i - 3915*i + 1250 = 0. Calculate the greatest common factor of 20 and i.
10
Let u be (-67840)/(-50) + 2/(-15)*6. Calculate the greatest common divisor of u and 12.
12
Let h = -359 - -569. What is the greatest common factor of 560 and h?
70
Let d be 27*(-2)/(-4)*(-1 - -3). What is the highest common factor of 15 and d?
3
Suppose -72 = -0*r - 3*r - 3*k, -4*r + 3*k + 68 = 0. Let j be 255/r - (-15)/12. Calculate the highest common factor of j and 266.
14
Suppose 10*l - 2537 = 973. Calculate the highest common divisor of l and 27.
27
Let v = -2 + 3. Let g be -6*(8/(-48) - (-26)/12). Let w be ((-28)/g - v)*27. Calculate the highest common divisor of w and 4.
4
Let f = 12 + -5. Suppose 10*h = f*h. Suppose -6*s = 4*u - 2*s - 48, -2*u + 4*s - 6 = h. Calculate the highest common divisor of 28 and u.
7
Suppose 5*m - w + 4*w = 14, 4 = -2*w. Let t = -11 + 9. Let h(d) = -4*d - 4. Let q be h(t). Calculate the greatest common divisor of m and q.
4
Suppose -2*p - 14 = 3*x + 8, -3*p = -2*x + 46. Let l = p + 38. Calculate the highest common factor of l and 3.
3
Suppose -3*h + 45 = 3*k, -4*k + 32 = 2*h - 38. Calculate the highest common factor of 260 and k.
20
Suppose -38*o + 46 = -6414. Calculate the highest common factor of 187 and o.
17
Let b = 44 - -29. Suppose -4*s = 8, -2*g + 4*s - 27 = -b. Calculate the highest common factor of g and 133.
19
Let j = 10 - -170. Let z = 1009 + -973. Calculate the greatest common divisor of j and z.
36
Let j = 234 - 196. Calculate the highest common divisor of 16 and j.
2
Let g = -71 - -75. Calculate the highest common factor of g and 92.
4
Let z = 123 + -46. Let c be 3/(-12)*14*-2. What is the greatest common divisor of c and z?
7
Let x = -48 - -64. Let n be (72/x)/((-1)/(-14)). What is the greatest common divisor of 9 and n?
9
Suppose -3*q - p + 9 = 0, -2*q = -0*p - 3*p - 6. Let b(w) = -2*w**3 - 4*w**2 - 4*w - 3. Let r be b(-3). What is the greatest common divisor of q and r?
3
Let s(h) = h**2 + 8*h. Let y(f) = f**2 + 8*f. Let p(l) = -7*s(l) + 6*y(l). Let t be p(-4). Calculate the highest common divisor of t and 2.
2
Suppose 685 = 3*y + 2*y. Let u = y + -192. Let j = -35 - u. Calculate the greatest common factor of 220 and j.
20
Let y be -30*(-3)/(-30)*-8. Let l = 30 - y. Let m be 1520/36 + l/(-27). What is the highest common divisor of m and 6?
6
Let b(v) = -2*v**3 - 7*v**2. Let f be b(-5). Suppose -r + 90 = 8*j - 5*j, 150 = 5*j + 5*r. Calculate the highest common divisor of f and j.
15
Let v(m) = 4*m**2 + 21*m + 48. Let h be v(-3). What is the highest common divisor of h and 28?
7
Let i = -709 - -717. Calculate the greatest common factor of i and 5.
1
Suppose -2*b + 5*h + 44 = 0, 4*b + 3*h - 18 - 18 = 0. What is the highest common divisor of 36 and b?
12
Suppose 2*n - 13 = -5. Let c = -20 + -6. Let f = c + 46. What is the highest common divisor of f and n?
4
Suppose 3*a = -5*w + 1288, 0 = -25*w + 23*w + 3*a + 532. Calculate the highest common factor of 455 and w.
65
Let l(h) = 183*h**2 + 16*h + 2. Let y be l(-1). Calculate the greatest common divisor of 1 and y.
1
Let h(c) = c**2 + 8*c - 5. Let y be h(-9). Suppose -2 = y*p + p + 3*s, 3*s = 5*p - 22. Let m = p + 78. Calculate the highest common factor of m and 16.
16
Let l be 8/22 + (-14)/(1232/(-1816)). Suppose -2*r + 28 = p, 3*r + 2*r = -2*p + 70. What is the highest common divisor of l and r?
7
Let h = -2285 - -2312. Let i be (34/(-6))/((-1)/(-3)). Let d be 1 + i/2*-2. What is the highest common divisor of h and d?
9
Let d = 35 - 34. Let f be (-3 + d - 1)/(-1). Suppose 16*t - f = 13*t. Calculate the highest common factor of t and 3.
1
Let j(u) = u**2 + 15*u + 46. Let l be j(-13). Let k be (-3)/(-9)*(25 + -1). Calculate the greatest common factor of l and k.
4
Suppose -19 = -3*z + 20. What is the greatest common divisor of 13 and z?
13
Let w(c) = 31*c + 874. Let m be w(-24). Calculate the highest common divisor of m and 416.
26
Suppose 7*b = 12*b - 230. Suppose -4*c = 2*y - 94, -95 = -4*c + 2*y - 5*y. What is the greatest common divisor of b and c?
23
Let d(g) = 12*g**2 + 120*g + 60. Let a be d(-11). Calculate the highest common divisor of 224 and a.
32
Let d be (-15)/2*1352/(-39). Calculate the greatest common factor of 20 and d.
20
Let t(a) = 26*a - 295. Let q be t(15). Calculate the highest common divisor of 38 and q.
19
Let o be (-12)/(-8) - 260/(-8). Calculate the greatest common divisor of 7 and o.
1
Let v = 1451 - 1421. What is the highest common divisor of v and 1020?
30
Let t = 721 + -705. Calculate the highest common factor of 24 and t.
8
Suppose -12*o + 17*o = 25. Suppose 3*g - o*g - 5*v + 110 = 0, 4*v = 16. What is the greatest common divisor of 30 and g?
15
Let a be (3 - 10/6)*6*-6. Let l = a - -59. Let q(g) = 122*g**3 - 2*g**2 + g. Let y be q(1). What is the highest common factor of l and y?
11
Let k be (-1)/(2 + 21/(-9)). Let u = k + -1. Let h be (-1 + 1)/u - -297. What is the highest common factor of h and 27?
27
Let m be (-16)/10*(-185)/2. Let u = -106 + m. Suppose 3*o = -3*t + 2*o + 20, 0 = -3*t + 4*o + 10. Calculate the highest common factor of u and t.
6
Suppose -b + 248 = 2*r - 23, 4*r = 4*b + 536. Suppose r = 2*w - 5. Calculate the highest common factor of 14 and w.
14
Let b = 6 - 17. Let c = -10 - b. Let u be c*4*14/8. What is the highest common factor of 14 and u?
7
Let f = 905 + -489. Calculate the greatest common factor of f and 32.
32
Let b = 69 - -165. Calculate the highest common divisor of 26 and b.
26
Let p = -85 - -145. Let v = 167 + -83. Let k = v - 60. Calculate the greatest common factor of p and k.
12
Let h(w) = -20*w - 2. Let a = 7 - 8. Let n be h(a). What is the highest common divisor of 45 and n?
9
Suppose 2*w + 80 = 7*w. Let l = 9 + -4. Suppose 26 = l*b - 14. What is the greatest common divisor of w and b?
8
Let t be (-75027)/(-623) - (-4)/7. Calculate the highest common factor of t and 121.
121
Let u(c) = -c**2 + 2*c + 5. Let x be u(-4). Let g = -28 - x. Let k be (-16 + 4/4)*g. Calculate the greatest common divisor of 15 and k.
15
Let b be ((-492352)/21)/(-14) - (-2)/(-3). Calculate the highest common divisor of 54 and b.
54
Let s be 4 + 52/(-12) - (-10)/3. Let g be (-2 - (-10)/s)*3. Let t = -86 - -130. Calculate the highest common divisor of t and g.
4
Let k(s) = -s**3 - 17*s**2 + 16*s - 17. Let o be k(-18). Let y = o - 9. Calculate the highest common divisor of y and 30.
10
Let r be -469*(40/35)/(-4). What is the highest common divisor of 6 and r?
2
Suppose 14*z + 27 = 125. Suppose -5*m = -z*m + 352. What is the greatest common divisor of 11 and m?
11
Suppose -15 = -3*w + 5*a, -4*w + 2*a + a = -31.